(u) = 27*u + 70. Let o be i(-2). Let t = -211 + 427. Calculate the highest common divisor of t and o.
8
Suppose -4*a + 45 = -n, 0*n - 3 = -a + 3*n. Let m be 436/a + 2/(-6). Let p be (300/378 - (-4)/(-18))/(19/133). What is the greatest common divisor of m and p?
4
Let u be (-6004*(-57)/(-190))/(6/(-15)). Calculate the greatest common divisor of u and 114.
57
Let o = 8706 + -8693. What is the greatest common factor of 14521 and o?
13
Let b(f) = f**3 - 2*f**2 + 13*f - 14. Let m be b(6). Let s = m + -202. What is the highest common divisor of s and 138?
6
Let u(t) = t**3 - 6*t**2 + 7*t - 36. Suppose 0 = 2*d + 3*d - 5*x - 40, 26 = 3*d - 4*x. Let f be u(d). What is the highest common factor of 162 and f?
6
Let k(d) = -3 + d + d**2 - 4*d + 6 + d**2. Suppose 47 = 5*p + 32. Let r be k(p). Calculate the highest common factor of 60 and r.
12
Let d = 144 - 100. Suppose 4*n = 2*v + d, -4*n + 0*v + 42 = -v. Suppose -z - n = 2*h - 51, 2*z - 16 = -h. Calculate the greatest common factor of 33 and h.
11
Suppose 3*x = -2*m + 4 - 144, 5*x + 234 = -3*m. Let z be x/((-116)/(-32) - 4). Calculate the highest common factor of 80 and z.
16
Let g = 112 + -114. Let a be (12/(-90)*-21)/(g/(-5)). What is the greatest common divisor of a and 3?
1
Let b = 14 - 23. Let v be (21/b - 0)*-30. Calculate the greatest common factor of 1330 and v.
70
Suppose -12*q + 6 = -18. Suppose -3*c + q*c = -2. Suppose -12 = 4*d, 2*s - d = c*d + 19. What is the highest common factor of s and 5?
5
Suppose -42*q + 7298 = 40*q. Calculate the greatest common factor of 2759 and q.
89
Suppose -5*h + 71 = 16. Let k(a) = -3*a + 44. Suppose 583 = -3*q + 550. Let u be k(q). Calculate the greatest common factor of u and h.
11
Suppose 5*y = -25, -6*y + y + 899 = 4*w. Suppose 11*a - 6*a - 70 = 0. Let i be (2/3)/(a/441). Calculate the greatest common factor of i and w.
21
Suppose 1024 = 2*n + 2*k, 12*k - 7*k - 2049 = -4*n. What is the greatest common divisor of n and 2?
1
Let v(w) = 14*w**2 + 6*w + 14. Let u be v(-2). Let c = -211 - -356. Calculate the highest common divisor of u and c.
29
Suppose -b + 755 = 5*t - 2*t, 0 = 3*b - 3*t - 2253. Suppose 108113*m - 23312 = 107617*m. What is the greatest common divisor of m and b?
47
Let n be 865/10*(-158 - -174). Calculate the highest common divisor of 184 and n.
8
Suppose -87 = -2*n + 81. Suppose 6*x - 12*x = -n. What is the highest common factor of x and 602?
14
Let d be (3120/(-1000)*(-20)/8)/((-1)/(-30)). Calculate the greatest common divisor of d and 2002.
26
Let g(l) = -132*l - 4452. Let h be g(-34). What is the highest common factor of 11295 and h?
9
Let w = -4 - -6. Let l be (7 - 876/(-18)) + (-2)/3. Suppose -l = -w*v - 23. What is the highest common divisor of v and 40?
8
Let p be 15/(-2)*15/(120/(-32)). Calculate the highest common factor of p and 130.
10
Let m(l) = 4 + 32*l**2 - 24*l**2 - 17*l**2 - 4*l**3. Let i(z) = z + 2. Let g be i(-5). Let j be m(g). Calculate the highest common factor of j and 124.
31
Let r = 15 + -81. Let d = r + 75. What is the highest common factor of d and 153?
9
Suppose 3*x + x = 108. Let h(s) = -s**2 - 103*s + 2324. Let b be h(19). What is the highest common factor of b and x?
3
Suppose -p + 39*c + 210 = 37*c, -5*p = -2*c - 978. Let l(m) = -7*m - 2. Let j be l(-2). What is the highest common divisor of j and p?
12
Let o be (1/(-5))/((-42)/1785)*38/1. Calculate the highest common divisor of 714 and o.
17
Let r = -5 - -3. Suppose -4*d = -2*d + 4*h - 36, h = -3*d + 59. Let a = d + r. Calculate the greatest common factor of 9 and a.
9
Let c(d) = -d**3 - 41*d**2 + 30*d - 340. Let u be c(-42). Calculate the greatest common divisor of u and 5494.
82
Let r be ((-265)/(-20) - -4)/((-60)/(-800)). Calculate the highest common factor of r and 320.
10
Let i be (-4)/(-50) + (-4750558)/(-1150). Calculate the greatest common factor of 51 and i.
51
Suppose -4*v = 6 - 30. Suppose 4*m = -v + 14. Suppose 2*u + g - 36 = 3*g, m*u - 24 = -4*g. Calculate the greatest common divisor of 4 and u.
4
Let z be 1 + (-82)/4*10. Let x be z/33 - (-6)/33. Let a(h) = -h**3 - 5*h**2 - 2*h - 8. Let y be a(x). Calculate the greatest common factor of y and 24.
8
Let l be -1*12/36*9. Let h be (-895)/(-15) - 1/l. Let t = -16 - -36. What is the highest common divisor of t and h?
20
Suppose -z = -4*d - 608, 0*d + 5*z - 473 = 3*d. Let v = 160 + d. What is the greatest common divisor of 153 and v?
9
Let z(s) = 14*s - 53. Let p be z(5). Suppose p*q = 11*q + 360. Calculate the greatest common factor of q and 36.
12
Suppose -5*a - 2*h + 3432 = 0, 2*a + 39*h = 36*h + 1364. Calculate the highest common factor of 6364 and a.
172
Suppose -h = -14 + 20. Let x be h/24 - (-26)/8. Let q be x - -19 - (2 + 2). What is the highest common divisor of q and 9?
9
Let a be 32021/154 + 9/126. What is the highest common factor of 176 and a?
16
Suppose 22029 = 3*z - 4*p + 7*p, 3*z - 3*p = 22005. Calculate the highest common divisor of 123 and z.
41
Let j(g) = 44*g**2 - 17*g - 84. Let i be j(-23). Let u be i/105 + 3/(-5). What is the highest common factor of 28 and u?
28
Let k = -54 - -70. Let p(t) = t**2 - 13*t - 41. Let d be p(k). Calculate the highest common factor of 3 and d.
1
Let m = -26282 - -26326. What is the highest common divisor of 212 and m?
4
Let i(j) = 2*j**3 - 7*j**2 + 5*j - 1. Let w be i(5). Let n be (-16 + 38 - -135) + 8. Calculate the highest common factor of w and n.
33
Suppose 4*r - 88 = 40. Suppose 5*w + 5*p = 10, 5 + 5 = 5*w - 2*p. Suppose 48 = w*m - r. Calculate the highest common divisor of 200 and m.
40
Let t = 2 + 0. Let g(k) = -2*k - 2. Let n(q) = -2*q - 3. Let p(c) = -3*g(c) + n(c). Let m be p(t). Calculate the greatest common factor of m and 121.
11
Suppose 3 = -p, 0*p - 39 = -j - 5*p. Suppose u + 3 = 2*u. Suppose 124 = u*v + 3*n + 37, 0 = -n + 2. Calculate the greatest common divisor of j and v.
27
Let b(s) = 405*s**2 - 52*s + 101. Let y be b(-5). Calculate the highest common divisor of y and 214.
214
Let u = 2710 + 33750. What is the highest common divisor of u and 20?
20
Suppose 174*m + 1 = 173*m. Let w(v) = -3 - 20*v + 3 - 1 - 1. Let q be w(m). What is the highest common divisor of q and 45?
9
Let t(m) = -4*m**3 - 4*m**2 - 7*m - 28. Suppose -3*p - 3*j = 18, 2*p = 5*j - j. Let x be t(p). What is the highest common factor of x and 72?
24
Suppose 0*d + 48 = -4*d. Let f be 30/d + 13/2. Suppose 3*h - 43 = 4*l - 15, 2*l = f. What is the highest common factor of 4 and h?
4
Suppose -2*o + 5*o - 5*s = 10806, 0 = 5*o - 3*s - 17994. Calculate the greatest common factor of 218 and o.
109
Let z(i) = -169*i + 34316. Let s be z(0). Calculate the highest common factor of s and 92.
92
Suppose 5*a + 5*n - 55 = 0, -2*a + 2*n + 26 = 5*n. Let m(t) = -1 + 16*t**2 + 1 - 1 + 2*t + 18*t**2. Let c be m(1). What is the highest common factor of a and c?
7
Suppose -35*t - 3235 = 1665. Let b = -134 - t. Calculate the greatest common factor of 162 and b.
6
Suppose 350 - 125 = 5*o. Let y = -8637 + 8646. What is the greatest common divisor of y and o?
9
Suppose 3*s + s - 168 = 0. Let d be 4/(-14) - 132/(-21). Let f be 15/d*12/5. Calculate the greatest common divisor of s and f.
6
Let a(j) = 4*j + 29. Let t be a(-7). Let n = t - -4. Let p be (-8)/((n/4)/(-5)). What is the highest common divisor of 4 and p?
4
Let t(l) = 3*l**3 + 88*l**2 - 12*l + 18. Let q be t(-29). What is the greatest common divisor of 355 and q?
71
Let b(o) = 4*o**3 + 2*o**2 - 15*o + 4. Let f be b(3). Suppose -9*n - 49 = -f. Calculate the greatest common divisor of n and 268.
4
Let p = 3882 - 3849. Calculate the highest common factor of 4147 and p.
11
Let j = 6032 + -5057. Let d(n) = 4*n**2 + 6*n - 1. Let c be d(-4). What is the greatest common divisor of j and c?
39
Suppose -p + 159 + 221 = 0. Let i = p + -228. Suppose 0 = -4*d - 14 + 90. Calculate the highest common divisor of d and i.
19
Suppose 3*c - 619 = -5*o, -1730*c + 3*o - 1021 = -1735*c. Calculate the highest common factor of c and 52780.
203
Let m(p) be the second derivative of 1/12*p**4 + 0 - 9*p + 0*p**2 + 1/3*p**3 - 1/10*p**5. Let j be m(-1). What is the highest common factor of 1 and j?
1
Let j(q) = -8*q**3 - 207*q**2 + 20*q - 60. Let u be j(-26). Suppose -t - 4*f + 20 = 0, 9 + 20 = t + f. What is the greatest common divisor of u and t?
32
Let u = 1036 